{"id":802,"date":"2020-11-13T19:09:54","date_gmt":"2020-11-13T18:09:54","guid":{"rendered":"http:\/\/yah-architecture.fr\/?page_id=802"},"modified":"2021-09-07T17:23:11","modified_gmt":"2021-09-07T15:23:11","slug":"restructuration-des-extensions-dune-maison","status":"publish","type":"page","link":"https:\/\/yah-architecture.fr\/?page_id=802","title":{"rendered":"Restructuration des extensions d&rsquo;une maison"},"content":{"rendered":"<div id='gallery-2' class='gallery galleryid-802 gallery-columns-1 gallery-size-full'><figure class='gallery-item'>\n\t\t\t<div class='gallery-icon landscape'>\n\t\t\t\t<a href='https:\/\/yah-architecture.fr\/?attachment_id=809'><img loading=\"lazy\" decoding=\"async\" width=\"2560\" height=\"1894\" src=\"https:\/\/yah-architecture.fr\/wp-content\/uploads\/01DHY-pers-ext-1-1-scaled.jpg\" class=\"attachment-full size-full\" alt=\"\" srcset=\"https:\/\/yah-architecture.fr\/wp-content\/uploads\/01DHY-pers-ext-1-1-scaled.jpg 2560w, https:\/\/yah-architecture.fr\/wp-content\/uploads\/01DHY-pers-ext-1-1-300x222.jpg 300w, https:\/\/yah-architecture.fr\/wp-content\/uploads\/01DHY-pers-ext-1-1-1024x757.jpg 1024w, https:\/\/yah-architecture.fr\/wp-content\/uploads\/01DHY-pers-ext-1-1-768x568.jpg 768w, https:\/\/yah-architecture.fr\/wp-content\/uploads\/01DHY-pers-ext-1-1-1536x1136.jpg 1536w, https:\/\/yah-architecture.fr\/wp-content\/uploads\/01DHY-pers-ext-1-1-2048x1515.jpg 2048w, https:\/\/yah-architecture.fr\/wp-content\/uploads\/01DHY-pers-ext-1-1-1200x888.jpg 1200w\" sizes=\"(max-width: 709px) 85vw, (max-width: 909px) 67vw, (max-width: 1362px) 62vw, 840px\" \/><\/a>\n\t\t\t<\/div><\/figure><figure class='gallery-item'>\n\t\t\t<div class='gallery-icon landscape'>\n\t\t\t\t<a href='https:\/\/yah-architecture.fr\/?attachment_id=795'><img loading=\"lazy\" decoding=\"async\" width=\"2560\" height=\"2229\" src=\"https:\/\/yah-architecture.fr\/wp-content\/uploads\/00DHY-axono-scaled.jpg\" class=\"attachment-full size-full\" alt=\"\" srcset=\"https:\/\/yah-architecture.fr\/wp-content\/uploads\/00DHY-axono-scaled.jpg 2560w, https:\/\/yah-architecture.fr\/wp-content\/uploads\/00DHY-axono-300x261.jpg 300w, https:\/\/yah-architecture.fr\/wp-content\/uploads\/00DHY-axono-1024x892.jpg 1024w, https:\/\/yah-architecture.fr\/wp-content\/uploads\/00DHY-axono-768x669.jpg 768w, https:\/\/yah-architecture.fr\/wp-content\/uploads\/00DHY-axono-1536x1337.jpg 1536w, https:\/\/yah-architecture.fr\/wp-content\/uploads\/00DHY-axono-2048x1783.jpg 2048w, https:\/\/yah-architecture.fr\/wp-content\/uploads\/00DHY-axono-1200x1045.jpg 1200w\" sizes=\"(max-width: 709px) 85vw, (max-width: 909px) 67vw, (max-width: 1362px) 62vw, 840px\" \/><\/a>\n\t\t\t<\/div><\/figure><figure class='gallery-item'>\n\t\t\t<div class='gallery-icon landscape'>\n\t\t\t\t<a href='https:\/\/yah-architecture.fr\/?attachment_id=797'><img loading=\"lazy\" decoding=\"async\" width=\"2560\" height=\"1707\" src=\"https:\/\/yah-architecture.fr\/wp-content\/uploads\/02DHY-coupe-1-scaled.jpg\" class=\"attachment-full size-full\" alt=\"\" srcset=\"https:\/\/yah-architecture.fr\/wp-content\/uploads\/02DHY-coupe-1-scaled.jpg 2560w, https:\/\/yah-architecture.fr\/wp-content\/uploads\/02DHY-coupe-1-300x200.jpg 300w, https:\/\/yah-architecture.fr\/wp-content\/uploads\/02DHY-coupe-1-1024x683.jpg 1024w, https:\/\/yah-architecture.fr\/wp-content\/uploads\/02DHY-coupe-1-768x512.jpg 768w, https:\/\/yah-architecture.fr\/wp-content\/uploads\/02DHY-coupe-1-1536x1024.jpg 1536w, https:\/\/yah-architecture.fr\/wp-content\/uploads\/02DHY-coupe-1-2048x1365.jpg 2048w, https:\/\/yah-architecture.fr\/wp-content\/uploads\/02DHY-coupe-1-1200x800.jpg 1200w\" sizes=\"(max-width: 709px) 85vw, (max-width: 909px) 67vw, (max-width: 1362px) 62vw, 840px\" \/><\/a>\n\t\t\t<\/div><\/figure><figure class='gallery-item'>\n\t\t\t<div class='gallery-icon landscape'>\n\t\t\t\t<a href='https:\/\/yah-architecture.fr\/?attachment_id=798'><img loading=\"lazy\" decoding=\"async\" width=\"2560\" height=\"1700\" src=\"https:\/\/yah-architecture.fr\/wp-content\/uploads\/03DHY-coupe-2-scaled.jpg\" class=\"attachment-full size-full\" alt=\"\" srcset=\"https:\/\/yah-architecture.fr\/wp-content\/uploads\/03DHY-coupe-2-scaled.jpg 2560w, https:\/\/yah-architecture.fr\/wp-content\/uploads\/03DHY-coupe-2-300x199.jpg 300w, https:\/\/yah-architecture.fr\/wp-content\/uploads\/03DHY-coupe-2-1024x680.jpg 1024w, https:\/\/yah-architecture.fr\/wp-content\/uploads\/03DHY-coupe-2-768x510.jpg 768w, https:\/\/yah-architecture.fr\/wp-content\/uploads\/03DHY-coupe-2-1536x1020.jpg 1536w, https:\/\/yah-architecture.fr\/wp-content\/uploads\/03DHY-coupe-2-2048x1360.jpg 2048w, https:\/\/yah-architecture.fr\/wp-content\/uploads\/03DHY-coupe-2-1200x797.jpg 1200w\" sizes=\"(max-width: 709px) 85vw, (max-width: 909px) 67vw, (max-width: 1362px) 62vw, 840px\" \/><\/a>\n\t\t\t<\/div><\/figure><figure class='gallery-item'>\n\t\t\t<div class='gallery-icon landscape'>\n\t\t\t\t<a href='https:\/\/yah-architecture.fr\/?attachment_id=799'><img loading=\"lazy\" decoding=\"async\" width=\"2560\" height=\"1223\" src=\"https:\/\/yah-architecture.fr\/wp-content\/uploads\/04DHY-pers-ext-2-scaled.jpg\" class=\"attachment-full size-full\" alt=\"\" srcset=\"https:\/\/yah-architecture.fr\/wp-content\/uploads\/04DHY-pers-ext-2-scaled.jpg 2560w, https:\/\/yah-architecture.fr\/wp-content\/uploads\/04DHY-pers-ext-2-300x143.jpg 300w, https:\/\/yah-architecture.fr\/wp-content\/uploads\/04DHY-pers-ext-2-1024x489.jpg 1024w, https:\/\/yah-architecture.fr\/wp-content\/uploads\/04DHY-pers-ext-2-768x367.jpg 768w, https:\/\/yah-architecture.fr\/wp-content\/uploads\/04DHY-pers-ext-2-1536x734.jpg 1536w, https:\/\/yah-architecture.fr\/wp-content\/uploads\/04DHY-pers-ext-2-2048x978.jpg 2048w, https:\/\/yah-architecture.fr\/wp-content\/uploads\/04DHY-pers-ext-2-1200x573.jpg 1200w\" sizes=\"(max-width: 709px) 85vw, (max-width: 909px) 67vw, (max-width: 1362px) 62vw, 840px\" \/><\/a>\n\t\t\t<\/div><\/figure><figure class='gallery-item'>\n\t\t\t<div class='gallery-icon landscape'>\n\t\t\t\t<a href='https:\/\/yah-architecture.fr\/?attachment_id=800'><img loading=\"lazy\" decoding=\"async\" width=\"2560\" height=\"1619\" src=\"https:\/\/yah-architecture.fr\/wp-content\/uploads\/05DHY-pers-int-1-scaled.jpg\" class=\"attachment-full size-full\" alt=\"\" srcset=\"https:\/\/yah-architecture.fr\/wp-content\/uploads\/05DHY-pers-int-1-scaled.jpg 2560w, https:\/\/yah-architecture.fr\/wp-content\/uploads\/05DHY-pers-int-1-300x190.jpg 300w, https:\/\/yah-architecture.fr\/wp-content\/uploads\/05DHY-pers-int-1-1024x648.jpg 1024w, https:\/\/yah-architecture.fr\/wp-content\/uploads\/05DHY-pers-int-1-768x486.jpg 768w, https:\/\/yah-architecture.fr\/wp-content\/uploads\/05DHY-pers-int-1-1536x971.jpg 1536w, https:\/\/yah-architecture.fr\/wp-content\/uploads\/05DHY-pers-int-1-2048x1295.jpg 2048w, https:\/\/yah-architecture.fr\/wp-content\/uploads\/05DHY-pers-int-1-1200x759.jpg 1200w\" sizes=\"(max-width: 709px) 85vw, (max-width: 909px) 67vw, (max-width: 1362px) 62vw, 840px\" \/><\/a>\n\t\t\t<\/div><\/figure><figure class='gallery-item'>\n\t\t\t<div class='gallery-icon landscape'>\n\t\t\t\t<a href='https:\/\/yah-architecture.fr\/?attachment_id=801'><img loading=\"lazy\" decoding=\"async\" width=\"2560\" height=\"1370\" src=\"https:\/\/yah-architecture.fr\/wp-content\/uploads\/06DHY-pers-int-3-scaled.jpg\" class=\"attachment-full size-full\" alt=\"\" srcset=\"https:\/\/yah-architecture.fr\/wp-content\/uploads\/06DHY-pers-int-3-scaled.jpg 2560w, https:\/\/yah-architecture.fr\/wp-content\/uploads\/06DHY-pers-int-3-300x161.jpg 300w, https:\/\/yah-architecture.fr\/wp-content\/uploads\/06DHY-pers-int-3-1024x548.jpg 1024w, https:\/\/yah-architecture.fr\/wp-content\/uploads\/06DHY-pers-int-3-768x411.jpg 768w, https:\/\/yah-architecture.fr\/wp-content\/uploads\/06DHY-pers-int-3-1536x822.jpg 1536w, https:\/\/yah-architecture.fr\/wp-content\/uploads\/06DHY-pers-int-3-2048x1096.jpg 2048w, https:\/\/yah-architecture.fr\/wp-content\/uploads\/06DHY-pers-int-3-1200x642.jpg 1200w\" sizes=\"(max-width: 709px) 85vw, (max-width: 909px) 67vw, (max-width: 1362px) 62vw, 840px\" \/><\/a>\n\t\t\t<\/div><\/figure><figure class='gallery-item'>\n\t\t\t<div class='gallery-icon landscape'>\n\t\t\t\t<a href='https:\/\/yah-architecture.fr\/?attachment_id=850'><img loading=\"lazy\" decoding=\"async\" width=\"2560\" height=\"1689\" src=\"https:\/\/yah-architecture.fr\/wp-content\/uploads\/DHYmontage01-scaled.jpg\" class=\"attachment-full size-full\" alt=\"\" srcset=\"https:\/\/yah-architecture.fr\/wp-content\/uploads\/DHYmontage01-scaled.jpg 2560w, https:\/\/yah-architecture.fr\/wp-content\/uploads\/DHYmontage01-300x198.jpg 300w, https:\/\/yah-architecture.fr\/wp-content\/uploads\/DHYmontage01-1024x675.jpg 1024w, https:\/\/yah-architecture.fr\/wp-content\/uploads\/DHYmontage01-768x507.jpg 768w, https:\/\/yah-architecture.fr\/wp-content\/uploads\/DHYmontage01-1536x1013.jpg 1536w, https:\/\/yah-architecture.fr\/wp-content\/uploads\/DHYmontage01-2048x1351.jpg 2048w, https:\/\/yah-architecture.fr\/wp-content\/uploads\/DHYmontage01-1200x792.jpg 1200w\" sizes=\"(max-width: 709px) 85vw, (max-width: 909px) 67vw, (max-width: 1362px) 62vw, 840px\" \/><\/a>\n\t\t\t<\/div><\/figure><figure class='gallery-item'>\n\t\t\t<div class='gallery-icon landscape'>\n\t\t\t\t<a href='https:\/\/yah-architecture.fr\/?attachment_id=901'><img loading=\"lazy\" decoding=\"async\" width=\"2560\" height=\"1686\" src=\"https:\/\/yah-architecture.fr\/wp-content\/uploads\/DHYmontage02-1-scaled.jpg\" class=\"attachment-full size-full\" alt=\"\" srcset=\"https:\/\/yah-architecture.fr\/wp-content\/uploads\/DHYmontage02-1-scaled.jpg 2560w, https:\/\/yah-architecture.fr\/wp-content\/uploads\/DHYmontage02-1-300x198.jpg 300w, https:\/\/yah-architecture.fr\/wp-content\/uploads\/DHYmontage02-1-1024x674.jpg 1024w, https:\/\/yah-architecture.fr\/wp-content\/uploads\/DHYmontage02-1-768x506.jpg 768w, https:\/\/yah-architecture.fr\/wp-content\/uploads\/DHYmontage02-1-1536x1012.jpg 1536w, https:\/\/yah-architecture.fr\/wp-content\/uploads\/DHYmontage02-1-2048x1349.jpg 2048w, https:\/\/yah-architecture.fr\/wp-content\/uploads\/DHYmontage02-1-1200x790.jpg 1200w\" sizes=\"(max-width: 709px) 85vw, (max-width: 909px) 67vw, (max-width: 1362px) 62vw, 840px\" \/><\/a>\n\t\t\t<\/div><\/figure><figure class='gallery-item'>\n\t\t\t<div class='gallery-icon landscape'>\n\t\t\t\t<a href='https:\/\/yah-architecture.fr\/?attachment_id=904'><img loading=\"lazy\" decoding=\"async\" width=\"2560\" height=\"1738\" src=\"https:\/\/yah-architecture.fr\/wp-content\/uploads\/DHYmontage03-1-scaled.jpg\" class=\"attachment-full size-full\" alt=\"\" srcset=\"https:\/\/yah-architecture.fr\/wp-content\/uploads\/DHYmontage03-1-scaled.jpg 2560w, https:\/\/yah-architecture.fr\/wp-content\/uploads\/DHYmontage03-1-300x204.jpg 300w, https:\/\/yah-architecture.fr\/wp-content\/uploads\/DHYmontage03-1-1024x695.jpg 1024w, https:\/\/yah-architecture.fr\/wp-content\/uploads\/DHYmontage03-1-768x521.jpg 768w, https:\/\/yah-architecture.fr\/wp-content\/uploads\/DHYmontage03-1-1536x1043.jpg 1536w, https:\/\/yah-architecture.fr\/wp-content\/uploads\/DHYmontage03-1-2048x1391.jpg 2048w, https:\/\/yah-architecture.fr\/wp-content\/uploads\/DHYmontage03-1-1200x815.jpg 1200w\" sizes=\"(max-width: 709px) 85vw, (max-width: 909px) 67vw, (max-width: 1362px) 62vw, 840px\" \/><\/a>\n\t\t\t<\/div><\/figure><figure class='gallery-item'>\n\t\t\t<div class='gallery-icon landscape'>\n\t\t\t\t<a href='https:\/\/yah-architecture.fr\/?attachment_id=902'><img loading=\"lazy\" decoding=\"async\" width=\"2560\" height=\"1733\" src=\"https:\/\/yah-architecture.fr\/wp-content\/uploads\/DHYmontage04-1-scaled.jpg\" class=\"attachment-full size-full\" alt=\"\" srcset=\"https:\/\/yah-architecture.fr\/wp-content\/uploads\/DHYmontage04-1-scaled.jpg 2560w, https:\/\/yah-architecture.fr\/wp-content\/uploads\/DHYmontage04-1-300x203.jpg 300w, https:\/\/yah-architecture.fr\/wp-content\/uploads\/DHYmontage04-1-1024x693.jpg 1024w, https:\/\/yah-architecture.fr\/wp-content\/uploads\/DHYmontage04-1-768x520.jpg 768w, https:\/\/yah-architecture.fr\/wp-content\/uploads\/DHYmontage04-1-1536x1040.jpg 1536w, https:\/\/yah-architecture.fr\/wp-content\/uploads\/DHYmontage04-1-2048x1386.jpg 2048w, https:\/\/yah-architecture.fr\/wp-content\/uploads\/DHYmontage04-1-1200x812.jpg 1200w\" sizes=\"(max-width: 709px) 85vw, (max-width: 909px) 67vw, (max-width: 1362px) 62vw, 840px\" \/><\/a>\n\t\t\t<\/div><\/figure><figure class='gallery-item'>\n\t\t\t<div class='gallery-icon landscape'>\n\t\t\t\t<a href='https:\/\/yah-architecture.fr\/?attachment_id=903'><img loading=\"lazy\" decoding=\"async\" width=\"2560\" height=\"2045\" src=\"https:\/\/yah-architecture.fr\/wp-content\/uploads\/DHYmontage05-scaled.jpg\" class=\"attachment-full size-full\" alt=\"\" srcset=\"https:\/\/yah-architecture.fr\/wp-content\/uploads\/DHYmontage05-scaled.jpg 2560w, https:\/\/yah-architecture.fr\/wp-content\/uploads\/DHYmontage05-300x240.jpg 300w, https:\/\/yah-architecture.fr\/wp-content\/uploads\/DHYmontage05-1024x818.jpg 1024w, https:\/\/yah-architecture.fr\/wp-content\/uploads\/DHYmontage05-768x614.jpg 768w, https:\/\/yah-architecture.fr\/wp-content\/uploads\/DHYmontage05-1536x1227.jpg 1536w, https:\/\/yah-architecture.fr\/wp-content\/uploads\/DHYmontage05-2048x1636.jpg 2048w, https:\/\/yah-architecture.fr\/wp-content\/uploads\/DHYmontage05-1200x959.jpg 1200w\" sizes=\"(max-width: 709px) 85vw, (max-width: 909px) 67vw, (max-width: 1362px) 62vw, 840px\" \/><\/a>\n\t\t\t<\/div><\/figure>\n\t\t<\/div>\n\n<p>Restructuration des extensions d&rsquo;une maison \u00e0 Roncq (59)<\/p>\n<p style=\"text-align: left;\">MOA priv\u00e9e<\/p>\n<p style=\"text-align: left;\">Mission compl\u00e8te<\/p>\n<p style=\"text-align: left;\">Livr\u00e9 en ao\u00fbt 2021<\/p>\n","protected":false},"excerpt":{"rendered":"<p>Restructuration des extensions d&rsquo;une maison \u00e0 Roncq (59) MOA priv\u00e9e Mission compl\u00e8te Livr\u00e9 en ao\u00fbt 2021<\/p>\n","protected":false},"author":1,"featured_media":0,"parent":0,"menu_order":0,"comment_status":"closed","ping_status":"closed","template":"","meta":{"footnotes":""},"_links":{"self":[{"href":"https:\/\/yah-architecture.fr\/index.php?rest_route=\/wp\/v2\/pages\/802"}],"collection":[{"href":"https:\/\/yah-architecture.fr\/index.php?rest_route=\/wp\/v2\/pages"}],"about":[{"href":"https:\/\/yah-architecture.fr\/index.php?rest_route=\/wp\/v2\/types\/page"}],"author":[{"embeddable":true,"href":"https:\/\/yah-architecture.fr\/index.php?rest_route=\/wp\/v2\/users\/1"}],"replies":[{"embeddable":true,"href":"https:\/\/yah-architecture.fr\/index.php?rest_route=%2Fwp%2Fv2%2Fcomments&post=802"}],"version-history":[{"count":13,"href":"https:\/\/yah-architecture.fr\/index.php?rest_route=\/wp\/v2\/pages\/802\/revisions"}],"predecessor-version":[{"id":905,"href":"https:\/\/yah-architecture.fr\/index.php?rest_route=\/wp\/v2\/pages\/802\/revisions\/905"}],"wp:attachment":[{"href":"https:\/\/yah-architecture.fr\/index.php?rest_route=%2Fwp%2Fv2%2Fmedia&parent=802"}],"curies":[{"name":"wp","href":"https:\/\/api.w.org\/{rel}","templated":true}]}}