{"id":313,"date":"2018-09-17T18:33:42","date_gmt":"2018-09-17T16:33:42","guid":{"rendered":"http:\/\/yah-architecture.fr\/?page_id=313"},"modified":"2018-09-22T18:15:36","modified_gmt":"2018-09-22T16:15:36","slug":"restructuration-dune-maison-individuelle","status":"publish","type":"page","link":"https:\/\/yah-architecture.fr\/?page_id=313","title":{"rendered":"Restructuration d&rsquo;une maison de ville"},"content":{"rendered":"<div id='gallery-2' class='gallery galleryid-313 gallery-columns-1 gallery-size-full'><figure class='gallery-item'>\n\t\t\t<div class='gallery-icon landscape'>\n\t\t\t\t<img loading=\"lazy\" decoding=\"async\" width=\"1181\" height=\"779\" src=\"https:\/\/yah-architecture.fr\/wp-content\/uploads\/L-axono.jpg\" class=\"attachment-full size-full\" alt=\"\" srcset=\"https:\/\/yah-architecture.fr\/wp-content\/uploads\/L-axono.jpg 1181w, https:\/\/yah-architecture.fr\/wp-content\/uploads\/L-axono-300x198.jpg 300w, https:\/\/yah-architecture.fr\/wp-content\/uploads\/L-axono-768x507.jpg 768w, https:\/\/yah-architecture.fr\/wp-content\/uploads\/L-axono-1024x675.jpg 1024w\" sizes=\"(max-width: 709px) 85vw, (max-width: 909px) 67vw, (max-width: 1362px) 62vw, 840px\" \/>\n\t\t\t<\/div><\/figure><figure class='gallery-item'>\n\t\t\t<div class='gallery-icon landscape'>\n\t\t\t\t<img loading=\"lazy\" decoding=\"async\" width=\"1181\" height=\"1040\" src=\"https:\/\/yah-architecture.fr\/wp-content\/uploads\/L-exterieurs.jpg\" class=\"attachment-full size-full\" alt=\"\" srcset=\"https:\/\/yah-architecture.fr\/wp-content\/uploads\/L-exterieurs.jpg 1181w, https:\/\/yah-architecture.fr\/wp-content\/uploads\/L-exterieurs-300x264.jpg 300w, https:\/\/yah-architecture.fr\/wp-content\/uploads\/L-exterieurs-768x676.jpg 768w, https:\/\/yah-architecture.fr\/wp-content\/uploads\/L-exterieurs-1024x902.jpg 1024w\" sizes=\"(max-width: 709px) 85vw, (max-width: 909px) 67vw, (max-width: 1362px) 62vw, 840px\" \/>\n\t\t\t<\/div><\/figure><figure class='gallery-item'>\n\t\t\t<div class='gallery-icon landscape'>\n\t\t\t\t<img loading=\"lazy\" decoding=\"async\" width=\"3000\" height=\"2519\" src=\"https:\/\/yah-architecture.fr\/wp-content\/uploads\/L-plans.jpg\" class=\"attachment-full size-full\" alt=\"\" srcset=\"https:\/\/yah-architecture.fr\/wp-content\/uploads\/L-plans.jpg 3000w, https:\/\/yah-architecture.fr\/wp-content\/uploads\/L-plans-300x252.jpg 300w, https:\/\/yah-architecture.fr\/wp-content\/uploads\/L-plans-768x645.jpg 768w, https:\/\/yah-architecture.fr\/wp-content\/uploads\/L-plans-1024x860.jpg 1024w, https:\/\/yah-architecture.fr\/wp-content\/uploads\/L-plans-1200x1008.jpg 1200w\" sizes=\"(max-width: 709px) 85vw, (max-width: 909px) 67vw, (max-width: 1362px) 62vw, 840px\" \/>\n\t\t\t<\/div><\/figure><figure class='gallery-item'>\n\t\t\t<div class='gallery-icon landscape'>\n\t\t\t\t<img loading=\"lazy\" decoding=\"async\" width=\"1181\" height=\"1109\" src=\"https:\/\/yah-architecture.fr\/wp-content\/uploads\/L-cuisine.jpg\" class=\"attachment-full size-full\" alt=\"\" srcset=\"https:\/\/yah-architecture.fr\/wp-content\/uploads\/L-cuisine.jpg 1181w, https:\/\/yah-architecture.fr\/wp-content\/uploads\/L-cuisine-300x282.jpg 300w, https:\/\/yah-architecture.fr\/wp-content\/uploads\/L-cuisine-768x721.jpg 768w, https:\/\/yah-architecture.fr\/wp-content\/uploads\/L-cuisine-1024x962.jpg 1024w\" sizes=\"(max-width: 709px) 85vw, (max-width: 909px) 67vw, (max-width: 1362px) 62vw, 840px\" \/>\n\t\t\t<\/div><\/figure><figure class='gallery-item'>\n\t\t\t<div class='gallery-icon portrait'>\n\t\t\t\t<img loading=\"lazy\" decoding=\"async\" width=\"1181\" height=\"1587\" src=\"https:\/\/yah-architecture.fr\/wp-content\/uploads\/L-divers.jpg\" class=\"attachment-full size-full\" alt=\"\" srcset=\"https:\/\/yah-architecture.fr\/wp-content\/uploads\/L-divers.jpg 1181w, https:\/\/yah-architecture.fr\/wp-content\/uploads\/L-divers-223x300.jpg 223w, https:\/\/yah-architecture.fr\/wp-content\/uploads\/L-divers-768x1032.jpg 768w, https:\/\/yah-architecture.fr\/wp-content\/uploads\/L-divers-762x1024.jpg 762w\" sizes=\"(max-width: 709px) 85vw, (max-width: 909px) 67vw, (max-width: 1362px) 62vw, 840px\" \/>\n\t\t\t<\/div><\/figure><figure class='gallery-item'>\n\t\t\t<div class='gallery-icon portrait'>\n\t\t\t\t<img loading=\"lazy\" decoding=\"async\" width=\"1181\" height=\"1340\" src=\"https:\/\/yah-architecture.fr\/wp-content\/uploads\/L-sdb.jpg\" class=\"attachment-full size-full\" alt=\"\" srcset=\"https:\/\/yah-architecture.fr\/wp-content\/uploads\/L-sdb.jpg 1181w, https:\/\/yah-architecture.fr\/wp-content\/uploads\/L-sdb-264x300.jpg 264w, https:\/\/yah-architecture.fr\/wp-content\/uploads\/L-sdb-768x871.jpg 768w, https:\/\/yah-architecture.fr\/wp-content\/uploads\/L-sdb-902x1024.jpg 902w\" sizes=\"(max-width: 709px) 85vw, (max-width: 909px) 67vw, (max-width: 1362px) 62vw, 840px\" \/>\n\t\t\t<\/div><\/figure><figure class='gallery-item'>\n\t\t\t<div class='gallery-icon landscape'>\n\t\t\t\t<img loading=\"lazy\" decoding=\"async\" width=\"1181\" height=\"864\" src=\"https:\/\/yah-architecture.fr\/wp-content\/uploads\/L-chantier.jpg\" class=\"attachment-full size-full\" alt=\"\" srcset=\"https:\/\/yah-architecture.fr\/wp-content\/uploads\/L-chantier.jpg 1181w, https:\/\/yah-architecture.fr\/wp-content\/uploads\/L-chantier-300x219.jpg 300w, https:\/\/yah-architecture.fr\/wp-content\/uploads\/L-chantier-768x562.jpg 768w, https:\/\/yah-architecture.fr\/wp-content\/uploads\/L-chantier-1024x749.jpg 1024w\" sizes=\"(max-width: 709px) 85vw, (max-width: 909px) 67vw, (max-width: 1362px) 62vw, 840px\" \/>\n\t\t\t<\/div><\/figure>\n\t\t<\/div>\n\n<p>Restructuration compl\u00e8te d&rsquo;une maison de ville 1930 \u00e0 Lambersart (59)<\/p>\n<p>MOA priv\u00e9e<\/p>\n<p>Mission compl\u00e8te<\/p>\n<p>Livr\u00e9 en 2016<\/p>\n","protected":false},"excerpt":{"rendered":"<p>Restructuration compl\u00e8te d&rsquo;une maison de ville 1930 \u00e0 Lambersart (59) MOA priv\u00e9e Mission compl\u00e8te Livr\u00e9 en 2016<\/p>\n","protected":false},"author":1,"featured_media":0,"parent":0,"menu_order":0,"comment_status":"closed","ping_status":"closed","template":"","meta":{"footnotes":""},"_links":{"self":[{"href":"https:\/\/yah-architecture.fr\/index.php?rest_route=\/wp\/v2\/pages\/313"}],"collection":[{"href":"https:\/\/yah-architecture.fr\/index.php?rest_route=\/wp\/v2\/pages"}],"about":[{"href":"https:\/\/yah-architecture.fr\/index.php?rest_route=\/wp\/v2\/types\/page"}],"author":[{"embeddable":true,"href":"https:\/\/yah-architecture.fr\/index.php?rest_route=\/wp\/v2\/users\/1"}],"replies":[{"embeddable":true,"href":"https:\/\/yah-architecture.fr\/index.php?rest_route=%2Fwp%2Fv2%2Fcomments&post=313"}],"version-history":[{"count":5,"href":"https:\/\/yah-architecture.fr\/index.php?rest_route=\/wp\/v2\/pages\/313\/revisions"}],"predecessor-version":[{"id":501,"href":"https:\/\/yah-architecture.fr\/index.php?rest_route=\/wp\/v2\/pages\/313\/revisions\/501"}],"wp:attachment":[{"href":"https:\/\/yah-architecture.fr\/index.php?rest_route=%2Fwp%2Fv2%2Fmedia&parent=313"}],"curies":[{"name":"wp","href":"https:\/\/api.w.org\/{rel}","templated":true}]}}